True
Is 4 a factor of 563231?
False
Is 523314054 a multiple of 9?
True
Is 338 a factor of 39886484?
False
Does 82 divide 6023673201?
False
Does 18 divide 328531027?
False
Is 244 a factor of 32379532?
True
Does 1139 divide 812662586?
False
Is 5 a factor of 7667721?
False
Does 47 divide 2159108?
False
Does 24 divide 43497600?
True
Does 337 divide 187213288?
False
Is 149906082 a multiple of 809?
True
Is 24205725 a multiple of 51?
False
Does 29 divide 82399266?
True
Does 20 divide 441887962?
False
Is 15 a factor of 67293544?
False
Is 260 a factor of 526651057?
False
Is 2 a factor of 24227588?
True
Is 3530 a factor of 78193030?
True
Does 43 divide 8951520?
False
Does 126 divide 86549652?
True
Is 34491260 a multiple of 1940?
True
Is 385 a factor of 21504945?
True
Does 1535 divide 91937290?
True
Is 31 a factor of 4056120228?
True
Is 44834398 a multiple of 782?
False
Is 2736 a factor of 312469304?
False
Does 186 divide 97074559?
False
Is 11 a factor of 85470407?
True
Does 219 divide 48354083?
False
Is 40618727 a multiple of 25?
False
Is 7873 a factor of 2265534480?
True
Is 290442640 a multiple of 86?
True
Does 4 divide 22869172?
True
Is 210926501 a multiple of 32?
False
Does 57 divide 605644455?
False
Is 14701950 a multiple of 25?
True
Is 20936838 a multiple of 78?
True
Does 27 divide 3094560126?
True
Is 20 a factor of 1800686053?
False
Does 41 divide 1466780204?
False
Is 4454 a factor of 449952273?
False
Does 206 divide 68055078?
False
Does 1198 divide 936179496?
True
Does 10 divide 12760931?
False
Does 4088 divide 139200488?
True
Is 13 a factor of 120145301?
False
Does 55 divide 31423018?
False
Does 55 divide 17990966?
False
Is 101 a factor of 13201803?
False
Is 512 a factor of 1396029952?
True
Is 1417 a factor of 908848213?
True
Is 278 a factor of 40444360?
False
Is 30911712 a multiple of 372?
True
Is 182 a factor of 9065056?
True
Does 968 divide 4145851?
False
Does 2068 divide 472705851?
False
Is 9713 a factor of 4331222913?
False
Is 19 a factor of 418300038?
False
Does 8 divide 114990319?
False
Is 284746257 a multiple of 13?
False
Is 288683337 a multiple of 2514?
False
Does 5543 divide 140191145?
False
Is 53437173 a multiple of 765?
False
Is 18 a factor of 2688575728?
False
Does 75 divide 4943013450?
True
Is 647422298 a multiple of 137?
False
Does 524 divide 1979043422?
False
Is 668 a factor of 364702169?
False
Is 14159640 a multiple of 374?
True
Does 87 divide 2517906765?
False
Is 84 a factor of 27657328?
False
Does 37 divide 37067895?
True
Is 4745575605 a multiple of 15?
True
Is 95 a factor of 72794880?
False
Does 34 divide 52987915?
False
Is 50685679 a multiple of 5?
False
Is 171 a factor of 35144946?
True
Does 2082 divide 940470630?
True
Is 36 a factor of 943535701?
False
Does 1918 divide 862538026?
True
Does 138 divide 78182294?
False
Does 12 divide 209418839?
False
Does 22 divide 56270016?
True
Is 11 a factor of 11766012?
False
Does 171 divide 790248114?
True
Does 1192 divide 260810792?
True
Is 104664697 a multiple of 133?
False
Is 17 a factor of 30335208?
True
Is 3 a factor of 12016926?
True
Is 79158740 a multiple of 2891?
False
Does 14 divide 102869389?
False
Is 40 a factor of 386974256?
False
Is 187798789 a multiple of 67?
True
Is 2346172391 a multiple of 32?
False
Is 306 a factor of 437351813?
False
Is 927 a factor of 40521024?
True
Is 2472 a factor of 42330528?
True
Does 726 divide 696813513?
False
Is 1135677382 a multiple of 147?
False
Does 95 divide 65099035?
True
Is 28747842 a multiple of 6?
True
Is 2082 a factor of 221340300?
False
Is 716 a factor of 22798872?
True
Does 6 divide 79774920?
True
Is 21 a factor of 7908684?
True
Is 33116240 a multiple of 4?
True
Does 9 divide 60257646?
True
Is 55351007 a multiple of 1846?
False
Does 15 divide 995804565?
True
Is 110 a factor of 226980167?
False
Does 64 divide 15980432?
False
Is 16 a factor of 297122384?
True
Is 1313451552 a multiple of 357?
True
Does 365 divide 65832860?
True
Does 34 divide 85403648?
True
Does 12 divide 754585212?
True
Is 18 a factor of 80183268?
True
Is 371 a factor of 212715818?
True
Is 732854804 a multiple of 164?
False
Does 7 divide 8861622?
True
Is 80282904 a multiple of 156?
True
Is 170510538 a multiple of 79?
False
Is 446499634 a multiple of 501?
False
Is 3873335364 a multiple of 8038?
True
Is 1217555600 a multiple of 7435?
True
Does 76 divide 130398383?
False
Does 8 divide 18750988?
False
Does 243 divide 5629939?
False
Is 14862736 a multiple of 524?
True
Does 169 divide 60581092?
True
Is 15 a factor of 66676636?
False
Is 195781877 a multiple of 17?
True
Is 26936010 a multiple of 45?
True
Is 2749285 a multiple of 15?
False
Does 34 divide 27004772?
True
Does 132 divide 62035908?
True
Is 24 a factor of 37395064?
False
Is 55045039 a multiple of 140?
False
Does 8 divide 1463504?
True
Is 19506120 a multiple of 91?
False
Is 853208136 a multiple of 24?
True
Does 13 divide 80844868?
True
Is 388 a factor of 48754528?
True
Is 283 a factor of 175283354?
False
Is 210 a factor of 242001270?
True
Is 17 a factor of 1028840435?
False
Does 77 divide 23348884?
False
Is 378863683 a multiple of 6919?
True
Is 5335211 a multiple of 34?
False
Does 53 divide 228391089?
False
Is 432824336 a multiple of 5348?
True
Does 1289 divide 508525363?
False
Is 321421771 a multiple of 23?
False
Does 3270 divide 269707874?
False
Does 229 divide 9894674?
False
Is 36 a factor of 1062794142?
False
Is 93577640 a multiple of 52?
True
Does 17 divide 8323896136?
False
Is 8 a factor of 377576?
True
Does 81 divide 37057419?
True
Does 320 divide 58329280?
True
Does 1171 divide 27918876?
False
Is 117 a factor of 4746721?
False
Is 312567487 a multiple of 761?
False
Is 48030052 a multiple of 4?
True
Does 1250 divide 50931250?
True
Does 19 divide 119341835?
False
Is 3776148052 a multiple of 11626?
True
Is 21573776 a multiple of 1136?
True
Does 736 divide 239315?
False
Is 1080923844 a multiple of 154?
True
Is 116095175 a multiple of 12?
False
Is 11 a factor of 258436222?
True
Is 19478075 a multiple of 213?
False
Does 1364 divide 46189132?
True
Is 234 a factor of 9303372?
True
Does 412 divide 29760444?
False
Is 95 a factor of 35005980?
True
Is 2536469 a multiple of 4?
False
Is 164389980 a multiple of 580?
True
Is 20427003 a multiple of 465?
False
Is 482 a factor of 123763706?
False
Is 330258718 a multiple of 20?
False
Does 9 divide 50283855?
True
Is 299 a factor of 679161188?
False
Is 32 a factor of 157849284?
False
Does 47 divide 173709227?
True
Is 9 a factor of 126157359?
False
Is 25 a factor of 570057575?
True
Is 117021240 a multiple of 18?
True
Does 87 divide 352835982?
True
Is 14932254 a multiple of 271?
False
Is 8 a factor of 7845496?
True
Is 17590175 a multiple of 775?
True
Is 33 a factor of 180192860?
False
Does 38 divide 1824572699?
False
Does 524 divide 175071963?
False
Is 21 a factor of 59199?
True
Is 684419456 a multiple of 128?
True
Is 1120 a factor of 3857076?
False
Does 24 divide 18645096?
True
Is 1600835025 a multiple of 1014?
False
Is 62 a factor of 51898531?
False
Is 89 a factor of 48528489?
False
Does 182 divide 14165060?
True
Does 124 divide 81442336?
False
Does 144 divide 66288384?
True
Does 44 divide 17369264?
True
Does 51 divide 50909348?
False
Is 14464225 a multiple of 658?
False
Is 151 a factor of 16470194?
False
Is 12 a factor of 228875434?
False
Does 26 divide 236473152?
False
Does 1078 divide 51736286?
False
Does 798 divide 1779267084?
True
Is 15005334 a multiple of 4?
False
Is 3082 a factor of 221297287?
False
Is 263 a factor of 283420635?
True
Is 78559520 a multiple of 52?
True
Is 449 a factor of 117801864?
False
Does 81 divide 2999548?
False
Is 19144312 a multiple of 737?
True
Is 114920052 a multiple of 354?
False
Is 236 a factor of 325868328?
True
Does 182 divide 7112378?
True
Does 196 divide 30559909?
False
Is 106 a factor of 9124798?
True
Is 20 a factor of 223784280?
True
Does 98 divide 13700106?
True
Is 22 a factor of 8239975?
False
Is 632 a factor of 260500112?
False
Is 4883086473 a multiple of 4007?
True
Does 1045 divide 147742100?
True
Does 60 divide 21387960?
True
Is 44014320 a multiple of 1230?
True
Is 14 a factor of 57660107?
False
Does 57 divide 8762952?
True
Is 106 a factor of 244227373?
False
Is 1524 a factor of 56441678?
False
Is 10166799 a multiple of 13?
False
Is 1